-6). Suppose 13 = 5*a + 4*i, -3*a + 15 = u*i + 2. What is the tens digit of a*3/(-6)*-24?
1
Let g(y) be the first derivative of y**4/4 + 2*y**3 + 5*y**2/2 + y + 1. What is the units digit of g(-5)?
1
Suppose -25 - 18 = 2*u - 3*j, 2*j = -3*u - 32. What is the units digit of (-116)/u + 16/(-56)?
8
Let m(n) = -32*n + 4. Let h be m(-3). Suppose 2*g - 46 = -3*y, y - h = -4*g - y. What is the units digit of g?
6
Let y(i) = -i**2 - 6*i + 2. Let x be y(-4). Let b(t) = 2*t**2 - 3*t + 1. Let c be b(2). Suppose 2*a - c*o = x, -4*o = a - 1 - 26. What is the tens digit of a?
1
Let o(u) = -u**3 - 9*u**2 + 9. Suppose 52 + 20 = 4*w. Let z = 9 - w. What is the units digit of o(z)?
9
Let l(w) be the second derivative of -1/2*w**2 + 0 - 3*w - 1/6*w**3. What is the units digit of l(-7)?
6
Let g(q) = q**3 - 10*q**2 + 8*q - 3. Let r be g(9). Let p be (92/(-8))/((-1)/(-2)). Let n = r - p. What is the units digit of n?
1
Let l(p) be the third derivative of -p**6/40 + p**5/60 + p**4/24 - 3*p**2. What is the units digit of l(-1)?
3
Let p(s) = -s**3 + 5*s**2 - 3*s. Let n be p(3). Let o be (-6)/(-21) + (-267)/(-21). Let k = n + o. What is the tens digit of k?
2
Let d = -41 + 44. Let v = 8 + -2. What is the units digit of -9*(d - 26/v)?
2
Let t be (-2 - 1)/1 + 2. Let z be 6 - (-6)/(-3) - t. Suppose r - 19 = -z. What is the units digit of r?
4
Let f(g) = g**2 - 12. Let v(j) = -j**2 + j + 11. Let z(c) = -3*f(c) - 4*v(c). What is the units digit of z(-5)?
7
Let s be 4/(8/6)*-1. Let k = s + 8. Suppose 4*a - 31 + k = 5*g, 4*g - 8 = 0. What is the units digit of a?
9
Suppose 3*w - 2*w = 11. What is the units digit of w?
1
Let p(n) = n**2 - 6*n + 4. Let q(y) = 2*y**2 - 13*y + 9. Let k(l) = -5*p(l) + 3*q(l). Let s be k(7). Let u = 11 + s. What is the units digit of u?
4
Let o(m) = m**2 + 1. What is the tens digit of o(-6)?
3
Suppose 4*i = 5*l - 0*i + 30, 0 = -l + 2*i - 12. What is the units digit of (1 + l - -2)*10?
0
Suppose -4*v - 2*o - 32 = 0, 50 = -5*v - o - 4*o. Let j = v - -11. What is the units digit of j?
5
Suppose h + 4*g = 3*h - 2, 5*h + 40 = g. Suppose -4*l - 49 = 55. Let z = h - l. What is the tens digit of z?
1
Let n(y) = y + 6. Let z be n(-4). What is the units digit of (-3 - (0 - z)) + 5?
4
Let x(v) = v**3 - 21*v**2 + 3*v + 26. What is the tens digit of x(21)?
8
What is the tens digit of 7 - (-350)/(-49) - 1640/(-14)?
1
Let y be 9/15 - (-3)/(-5). What is the units digit of (1 - y)*-2 - -3?
1
Suppose -j + 9 = -0*j. Suppose 0 = 5*p + 4*o + j, 0 = 2*o + 1 + 1. What is the units digit of (2/4)/(p/(-2))?
1
Suppose -y - 11 = -5*z, -4*y = 3*z - z. Let g = 2 - 0. Suppose -2 = -z*a + g. What is the units digit of a?
2
Let g be (-4)/10 + 242/5. Suppose i + g = 3*i. What is the tens digit of i?
2
Let p(v) = -v**2 - 13*v + 4. What is the units digit of p(-11)?
6
Suppose -5*x + 2*x + 233 = -4*j, -4*x + 5*j = -309. What is the tens digit of x?
7
What is the tens digit of (31/2)/(16/32)?
3
Let r(i) = i**2 + 5*i - 9. Let g be r(-7). Suppose 4*v + 3*j - g*j = 12, 5*j + 18 = 4*v. What is the units digit of v?
2
Suppose 4*z - 8*z = 3*m - 71, 3*z - 27 = 3*m. What is the units digit of z?
4
Suppose 0 = -2*a - 3*o + 34, 3*a = o + 37 + 3. Suppose a = -5*h + 4*p - 5, 3 = 3*p. Let b(w) = w**3 + 3*w**2 - 4*w + 1. What is the units digit of b(h)?
3
Let z(m) = -16 - 14 + 31 - 21*m. What is the units digit of z(-1)?
2
Suppose 2*y - 16 = -0. Suppose -70 = 3*z - y*z. Suppose -5*q + z = -21. What is the units digit of q?
7
What is the tens digit of 108/4*-1*-1?
2
Let g be 28/(-10)*(-40)/2. Suppose 2*y - 1 = 3. Suppose -2*u - y*u + g = 0. What is the tens digit of u?
1
Let i = -5 + 4. What is the units digit of 2*(-3)/(i - 2)?
2
Let r(i) be the third derivative of i**6/120 - i**5/60 + i**4/24 + i**3/3 - 2*i**2. Suppose -7*s = -3*s. What is the units digit of r(s)?
2
Let d(b) = -3*b - 8. Let a be 5/(-1)*(-12)/(-10). Let r be d(a). Suppose -o - r = -2*v, 0 = -v - o + 6*o + 23. What is the units digit of v?
3
Suppose q - 3 - 2 = 0. Suppose -2*d + 13 = -0*m + 5*m, q*d - 2*m = -11. What is the units digit of d/(2/30)*-1?
5
Let d(v) = 12*v - 20. Let k be d(6). What is the units digit of (-5)/((-10)/(-6)) + k?
9
Suppose 34 + 16 = -5*q. Let u be (-2)/8 + 118/(-8). Let b = q - u. What is the units digit of b?
5
Let w be 1/3 + 16/6. Let g(r) = 5*r - 4. What is the tens digit of g(w)?
1
Suppose 2*v - 5 = -1. Let h be ((-2)/v - 2) + 5. What is the units digit of (-264)/(-27) - h/(-9)?
0
Let o(r) = r**3 + 4*r**2 + 3*r + 2. Let a be o(-3). What is the tens digit of 6/a - 3 - -17?
1
Suppose o - 3*o = 0. Suppose 0 = -o*d + 2*d. Suppose 12 = 2*w + x, -w + d*x = -x. What is the units digit of w?
4
Let i be 8/(-3)*(-6)/(-4). Let k(y) = y**3 + 5*y**2 + 2*y - 5. Let b be k(i). Suppose 14 = -b*z + 5*z. What is the units digit of z?
7
What is the units digit of -2 + 1 + 36 + -2?
3
Suppose 2*k - 30 = 2*q, 0 = -2*k - 6 - 4. Suppose -4*h + 49 = -5*d, -d + 3*h + 0 = 1. Let i = d - q. What is the units digit of i?
7
Let p be (4/10)/(5/(-25)). Let i be p/4 + (-45)/6. Let t = 14 + i. What is the units digit of t?
6
Let k be ((-4)/5)/(12/30). What is the units digit of 0/k - 1*-19?
9
Let w = -13 - -14. Suppose p = -h - w, 4*h = -6*p + 4*p. What is the units digit of h?
1
Suppose -a + 3*a = -6. Let c = 5 + a. What is the units digit of c?
2
Let l be (-2)/(-5) - 519/(-15). Suppose 4*h + 3*m = l, 3*h + m = 7*h - 31. Suppose 2 - h = -3*p. What is the units digit of p?
2
Let q(x) = -x**3 - x**2 - x + 4. Let n be q(0). Suppose 0 = -n*h + 3*h + 141. What is the units digit of 4/(-6) - h/(-9)?
5
Let y(u) = -6*u**2 - 2*u**3 + 16 + 3*u**3 + 6*u**2. What is the tens digit of y(0)?
1
Suppose 5*b - 23 = g, -4*b - 4*g + 4 = -0*g. Suppose 11 = 5*z - 4, -19 = -b*a + 3*z. What is the units digit of a?
7
Suppose 3*v = -6*v + 2277. What is the hundreds digit of v?
2
Let r = -47 - -29. Suppose -2*p - d = -10, 0*p = 2*p + 2*d - 14. What is the units digit of 2/p - 330/r?
9
Let s = 10 - 20. Let u = 14 + s. Suppose -14 = c + u*t, -3*c - 1 - 1 = 4*t. What is the units digit of c?
6
Suppose 5*q - 33 = 2*q. Let l = q + -10. What is the units digit of l?
1
What is the units digit of (-2)/5 - 27/(-5)?
5
Suppose 0*x - x + 6 = z, 2*z = -4*x + 14. What is the units digit of z?
5
Let c = -6 - -10. Suppose 0 = c*n - 20, -4*r - 4 = -2*n - 18. What is the units digit of r?
6
Let z be 6 - 3*6/9. Suppose -5*k = 2*f + 21, 2*k = -z*f + f - 4. Suppose f*r + 2*r = -t + 59, 4*r - 5*t = 41. What is the tens digit of r?
1
Suppose 3 = -3*s - 3*o, -o = -5*s - 2*o - 1. Let q be 0 + (-4)/2 + s. What is the tens digit of 2 + -1 - q*5?
1
Let n = -9 - -21. Suppose 3*i + n = o, -2*o = i - 2 - 1. Suppose 0 = -s - 1 + o. What is the units digit of s?
2
Let j be (3/(-4))/(1/8). Let p = 10 + j. Suppose p = v - 10. What is the units digit of v?
4
Let a = -2 + 5. What is the tens digit of (-38)/3*a/(-2)?
1
Suppose -4 = -h + 56. What is the tens digit of h?
6
Suppose -4*k + 54 = -2*k - 2*c, -3*c = 5*k - 135. What is the units digit of k?
7
Let g be (-3)/6 + (-14)/(-4). Suppose -5 = -2*u - g*u. What is the units digit of u?
1
Suppose 0 = -2*y + 4*l - 14, 0*y + 3*l = -3*y - 30. Let p be ((-6)/y)/(3/9). Suppose 0 = -0*o - 2*o + 5*w + 37, p*w - 14 = -o. What is the units digit of o?
6
Suppose 2*r = -s + 20, -r - 5*s - 56 = -4*r. Suppose 9 = 3*o - 2*m, -4*m - r = -4*o - 9*m. What is the units digit of o?
3
Let w be ((-3)/(-4))/((-2)/8). Let z = 32 - 19. Let p = z + w. What is the tens digit of p?
1
What is the units digit of 29*(1 - -2)*1?
7
Let z = 7 + -2. Suppose z*o = 3*o + 4. Suppose -3*u = -u - o. What is the units digit of u?
1
Let o = 8 + -3. Suppose -b = -o + 1. What is the units digit of b?
4
Let p(d) = 3*d + 2. Let v be p(6). Let r = -10 + v. What is the tens digit of r?
1
Let z(q) = 2*q + 10. Let b be z(-7). Let v(h) be the second derivative of -h**3/3 - h**2/2 + h. What is the units digit of v(b)?
7
Let c(p) = -p**3 - 8*p**2 - 7*p + 3. Let w be c(-7). Suppose 0 = 3*k - 5*r - w - 27, k + 3*r + 4 = 0. What is the units digit of k?
5
What is the hundreds digit of 418*((-45)/(-162) - 2/(-9))?
2
Let a = -24 + 39. Suppose 2*v - 6 = -0. What is the units digit of v/a - 9/(-5)?
2
Suppose 12*y + 320 = 980. What is the tens digit of y?
5
Let z = -25 - -59. Let f(m) = 4*m - 5. Let c b